umber?
True
Is 13390744013 prime?
True
Is 10911292099 composite?
False
Is 218188099 a composite number?
False
Is 51442327147 a prime number?
True
Is 1541479969 a composite number?
False
Is 12456482237 a composite number?
False
Is 4173917581 a composite number?
False
Is 21654475471 a composite number?
False
Is 414396227965 a composite number?
True
Is 175566706655 a prime number?
False
Is 16964221367 a composite number?
False
Is 732725167 a prime number?
False
Is 21222101911 a composite number?
True
Is 1114156339 composite?
False
Is 3483264847 composite?
True
Is 16714046411 a composite number?
True
Is 11434204091 prime?
False
Is 47749429531 a composite number?
False
Is 1862856271 composite?
True
Is 1058261207 a prime number?
False
Is 775056263 a composite number?
False
Is 803247391 a prime number?
True
Is 4168140079 prime?
True
Is 11233060463 composite?
False
Is 2050999679 composite?
True
Is 205971663 a composite number?
True
Is 12813120323 prime?
False
Is 19385802023 a prime number?
False
Is 3101538443 composite?
True
Is 4985503531 composite?
False
Is 649818121 composite?
False
Is 4505257753 a prime number?
True
Is 250174777 composite?
False
Is 63546313 a composite number?
False
Is 327995101603 composite?
True
Is 760131767 a prime number?
True
Is 12912906602 composite?
True
Is 4120626721 a composite number?
True
Is 2282771723 composite?
False
Is 1324755859 prime?
False
Is 16923727087 prime?
True
Is 2869554073 prime?
False
Is 1270274263 a prime number?
True
Is 1646234581 a prime number?
True
Is 274401997 prime?
False
Is 18248613397 prime?
False
Is 26667365123 a composite number?
True
Is 2913000331 a composite number?
False
Is 518841079 a composite number?
True
Is 28112801 a prime number?
False
Is 2983401703 prime?
True
Is 12331090789 a composite number?
True
Is 22041850409 a prime number?
True
Is 123647393 prime?
True
Is 23386377193 prime?
True
Is 41972024189 prime?
True
Is 109735376249 a prime number?
True
Is 15704400289 a composite number?
False
Is 2236727281 prime?
False
Is 690186053 a prime number?
True
Is 1974248239 a prime number?
True
Is 1126891453 a composite number?
True
Is 1118091701 prime?
True
Is 2322471455 composite?
True
Is 51775539833 composite?
False
Is 2443750403 prime?
False
Is 418237293 a composite number?
True
Is 18222975097 prime?
True
Is 8539589 composite?
True
Is 11212780757 a prime number?
False
Is 1160016619 a composite number?
False
Is 29466402709 a composite number?
True
Is 36599282389 a composite number?
True
Is 12819154913 a prime number?
True
Is 17163994339 a composite number?
True
Is 935508701 composite?
False
Is 3136051447 a prime number?
False
Is 1014050719 a composite number?
True
Is 2437321189 a composite number?
False
Is 937922123 prime?
False
Is 388092947 prime?
False
Is 21016332191 a prime number?
True
Is 4833569123 a prime number?
False
Is 25705576811 a prime number?
True
Is 96613264177 composite?
False
Is 2656206197 composite?
True
Is 657077119 a composite number?
True
Is 932131129 a composite number?
False
Is 8333676517 prime?
False
Is 212410169 prime?
False
Is 859861859 composite?
False
Is 1594888973 a composite number?
False
Is 38342651 a prime number?
True
Is 3437042801 a composite number?
False
Is 185086859 a prime number?
True
Is 1708169443 composite?
False
Is 42597517901 a composite number?
False
Is 280820523 a prime number?
False
Is 2557370267 composite?
False
Is 76168201439 prime?
False
Is 18867767 a composite number?
False
Is 23712037423 a composite number?
True
Is 8657052281 a composite number?
True
Is 297371789263 a prime number?
True
Is 57015961673 a composite number?
True
Is 1892441801 a composite number?
True
Is 29801397539 a prime number?
True
Is 2087690963 a prime number?
True
Is 8714144827 composite?
False
Is 14298581239 a composite number?
True
Is 516359791 prime?
True
Is 103167042871 a prime number?
True
Is 7704870641 a prime number?
False
Is 1578985037 prime?
False
Is 50612583381 prime?
False
Is 24883304023 a prime number?
True
Is 19670868103 a prime number?
False
Is 439908479 prime?
True
Is 1053387635 a prime number?
False
Is 23154080351 a prime number?
True
Is 4763662459 prime?
False
Is 134228833 composite?
True
Is 381338369 prime?
True
Is 9341621981 a prime number?
True
Is 1182101899 prime?
False
Is 105968561 a prime number?
False
Is 593631646 a prime number?
False
Is 31398517 a prime number?
True
Is 7478717 a composite number?
False
Is 896681033 a composite number?
True
Is 14009353763 a composite number?
False
Is 384429629 composite?
False
Is 252144897 a composite number?
True
Is 52122609523 a prime number?
True
Is 2955625643 a prime number?
True
Is 3084441715 a prime number?
False
Is 42576929 a composite number?
True
Is 9388666659 a composite number?
True
Is 56811608537 prime?
True
Is 15017051261 composite?
True
Is 449685023 a prime number?
False
Is 15344189183 a prime number?
False
Is 95081369 a prime number?
False
Is 55028939541 composite?
True
Is 2976684043 a composite number?
True
Is 46326622547 a composite number?
True
Is 10291658017 composite?
False
Is 23796223193 a prime number?
False
Is 47929727765 a prime number?
False
Is 1159291891 a composite number?
False
Is 12145464077 a composite number?
False
Is 27222009107 a prime number?
True
Is 707816869 composite?
False
Is 1631255917 a composite number?
False
Is 3601997551 a composite number?
True
Is 14065684601 prime?
True
Is 242916647 a prime number?
True
Is 5514043214 a composite number?
True
Is 1591317055 a prime number?
False
Is 194244727 a composite number?
False
Is 60412003231 composite?
False
Is 3832751771 a prime number?
True
Is 3095818321 composite?
False
Is 511440367 a prime number?
True
Is 140960819 a prime number?
True
Is 1573309966 prime?
False
Is 103307130683 composite?
False
Is 235493227085 composite?
True
Is 867988729 prime?
True
Is 29390094653 a composite number?
True
Is 408845181335 prime?
False
Is 15679298 prime?
False
Is 265885881539 composite?
True
Is 2617953031 composite?
False
Is 3536937659 prime?
True
Is 2676301027 prime?
True
Is 911133667 prime?
True
Is 312084127 prime?
True
Is 5154918683 a composite number?
False
Is 12643896007 composite?
True
Is 10613403551 a composite number?
False
Is 695522357 a composite number?
False
Is 992433201 prime?
False
Is 1921620697 prime?
False
Is 703061743 composite?
False
Is 32898785498 composite?
True
Is 65455499869 prime?
False
Is 2052726079 a prime number?
False
Is 15243513071 prime?
False
Is 46851919201 prime?
True
Is 831691067 composite?
True
Is 1466816047 prime?
False
Is 47755329767 a prime number?
True
Is 411505103 composite?
True
Is 3274543487 a composite number?
True
Is 250804061 a composite number?
False
Is 10366699179 composite?
True
Is 144499940441 composite?
True
Is 569484515559 prime?
False
Is 721546817 composite?
True
Is 1540864381 a prime number?
False
Is 914251919 a prime number?
False
Is 357611972501 a composite number?
True
Is 198410273 a prime number?
False
Is 211313761 a composite number?
False
Is 686627399 a composite number?
True
Is 543268553 prime?
True
Is 797447741 prime?
True
Is 2673114233 a composite number?
False
Is 36941117 composite?
False
Is 652255547 composite?
False
Is 7765931 a composite number?
True
Is 33262442531 a prime number?
False
Is 8756388929 a composite number?
True
Is 46626081479 a prime number?
True
Is 1878668321 a composite number?
False
Is 1128400807 a prime number?
True
Is 12080205479 a prime number?
False
Is 3659139389 composite?
False
Is 5993791 composite?
False
Is 411133091 prime?
True
Is 1453338703 a prime number?
True
Is 30908649229 a composite number?
True
Is 4991623979 a composite number?
False
Is 327071759 composite?
True
Is 506093657 prime?
True
Is 331888803 a composite number?
True
Is 4788161699 prime?
False
Is 3253433999 composite?
True
Is 1057333843 composite?
False
Is 1130043127 a prime number?
True
Is 2783617609 a prime number?
True
Is 1803659929 prime?
False
Is 333527609 composite?
False
Is 925738219 prime?
False
Is 1262519863 a composite number?
True
Is 325576217 composite?
False
Is 342634091 prime?
True
Is 48042101 prime?
False
Is 313009531 composite?
True
Is 43358567761 a prime number?
False
Is 1928331991 a prime number?
True
Is 42354889 prime?
False
Is 81835853791 composite?
False
Is 5178397793 compo